etermine p(m).
-30
Let d(g) be the second derivative of g**5/20 + g**4/4 - g**3/3 + g**2 - 112*g. Let k(b) = -b**3 - 4*b**2 - 3*b - 4. Let h be k(-3). What is d(h)?
-6
Let l = 1 + -5. Let g(r) = -277 + 67 + r**3 + 2*r + 4*r**2 + 209. Calculate g(l).
-9
Let d(g) = -2*g**3 + 15*g**2 + 16*g - 18. Let a(s) = -3*s**3 + 22*s**2 + 24*s - 27. Let z(u) = 5*a(u) - 7*d(u). Suppose 32 = 5*n + 2. What is z(n)?
3
Let s(a) = -a**3 - 10*a**2 - 8*a + 5. Let r(m) be the third derivative of -m**5/30 + 5*m**4/6 + 13*m**3/6 + 41*m**2. Let c be r(11). Give s(c).
-4
Let a(n) = 2*n**3 - 5*n**2 + 4*n + 2. Let u be -2 - (34/(-102))/((-2)/(-24)). Calculate a(u).
6
Let l(f) be the third derivative of -f**5/40 - f**4/8 + 7*f**3/6 + f**2 - 3. Let t(a) be the first derivative of l(a). What is t(-3)?
6
Suppose 4*f - 2*l + 4*l - 50 = 0, 5*l = f - 7. Let b(g) = f - 2*g + 3*g - 2 + 0. Let y be -2*(-2)/(-4) - -1. What is b(y)?
10
Let y be -3*(10/6 + 3 + -7). Let w(t) = 13 - t**2 - 9 + 10*t - y - 6. Calculate w(9).
0
Let d(k) = k**2 + 6*k - 11. Let h be d(-6). Let x = 14 + h. Let i(q) = -x*q - 4 + 2*q + 0*q. Determine i(-4).
0
Let t(v) = -3 - 1 - 7*v + 15*v - 10*v. Suppose -h = -2 + 7. What is t(h)?
6
Let h(i) = i**2 + 7*i - 1. Suppose 0 = -14*z - 64 + 8. Give h(z).
-13
Let z(j) = -5*j + 2. Let b be 2 + 4/(-2) - 2. Let o = 73 - 71. Let t be (o - (-3)/b)*-4. Give z(t).
12
Let o(n) = 3*n + 6. Let t(r) = 13*r + 25. Let m(a) = 9*o(a) - 2*t(a). Let v(k) = 10*k - 10*k + 4 + 0*k**3 + k**3. Let i be v(0). What is m(i)?
8
Let l(u) = -8*u**3 - 12*u**2 - 15*u - 3. Let y(n) = 3*n**3 - n**2 - 1. Let w(d) = l(d) + 3*y(d). Determine w(16).
10
Let y(h) = h + 4. Suppose 0 = -4*n + 4, -5*q - 2*n = -6*n - 11. Suppose 24 = -0*b - 4*b + 2*o, 0 = 5*b + q*o + 8. Determine y(b).
0
Let i(k) = -k - 6. Let y(m) = -6*m + 126. Let x be y(21). Let b = 1 + -1. Suppose x*j + j = b. Determine i(j).
-6
Let o(k) = -4 + k**2 - k**3 + 3 + k**2. Suppose 2*c + c = -9. Let t = -4 - c. What is o(t)?
2
Let x(i) be the first derivative of -i**2/2 - 4*i + 1. Let s = 24 + -14. Suppose -s*q - 33 = q. Determine x(q).
-1
Suppose -o + 2*w + 37 = 0, -4*o + 0*w - 3*w = -170. Suppose 4*x + o = 5*y, 4*x + 15 = 3*y - 16. Let v(k) = -3*k - 3. What is v(y)?
-18
Let u(p) be the second derivative of -11*p**3/3 - 3*p**2/2 - 487*p. Determine u(-2).
41
Let c(z) = z**3 - 15*z**2 + 15*z + 7. Suppose 0 = -b - 20 + 34. Calculate c(b).
21
Let k(i) = -2*i**3 - 11*i**2 + 11*i - 7. Let y(r) = r**3 + 6*r**2 - 6*r + 4. Let u(v) = -3*k(v) - 7*y(v). Calculate u(-10).
3
Suppose 4*t + a - 23 = 17, -3*a + 12 = 0. Let j(z) = -2*z**2 + 10*z + 12. Give j(t).
-60
Let b be 3/(-7) + (-143)/(-7). Suppose 0 = 5*d - g - 4*g - b, -2*d + g = -9. Let t(u) = -u**2 + 2*u + 4. Determine t(d).
-11
Let r(d) = -6*d**2 - 43*d - 10. Let p(q) = 7*q**2 + 51*q + 12. Let n(x) = 5*p(x) + 6*r(x). Determine n(-1).
2
Let d(n) = -4*n**3 - 21*n**2 - 10*n + 65. Let b(k) = 2*k**3 + 10*k**2 + 5*k - 30. Let g(a) = -13*b(a) - 6*d(a). Determine g(-2).
10
Let h(l) = 16 - 20 + l + 11. What is h(0)?
7
Let f(t) = 3 + 0 - 4 - t. Let n = 38 - 33. Let o(l) = -l**3 + 6*l**2 - 5*l - 2. Let d be o(n). Determine f(d).
1
Let w = 66 + -58. Let s(p) = p**2 - 12*p + 11. Calculate s(w).
-21
Let c = -12 - -17. Suppose -c*y + 2*y = 18. Let u(r) be the third derivative of -r**6/120 - 7*r**5/60 - r**4/3 - r**3/6 - 4*r**2. Determine u(y).
11
Let o(i) = i - 6. Let y(m) = m - 7. Let d(h) = -6*o(h) + 5*y(h). Let u be (6/4)/(312/1008 - (-2)/(-21)). Give d(u).
-6
Let v(d) = d**3 - 4*d**2 + d + 3. Suppose -m = -5*i - 19, 4*m + 2*i + 7 = 17. Let t be v(m). Let x(y) = y**2 - 8*y + 1. What is x(t)?
-6
Let h(b) be the third derivative of -b**5/60 - 7*b**4/24 + 22*b**2. Let a be (54/(-45))/((-9)/(-30)). Determine h(a).
12
Suppose 4*s - 3*k - 8 = 2*s, 5*s - 20 = 4*k. Let n(h) = 2*h - 5. Let l be n(s). Let g(v) = 0 - 1 - 5*v**3 - 3*v + 5*v**2 + 0*v**3 + 4*v**3. What is g(l)?
8
Suppose -2*n = -8*n + 30. Let f(k) = k**3 - 6*k**2 + k + 13. Let o be f(n). Let p(c) = c**2 + 6*c - 10. What is p(o)?
-3
Let h(n) = -2*n**2 + 4*n + 1. Let i(c) = c**2 - 6*c - 2. Let v(q) = -4*h(q) - 3*i(q). Calculate v(-2).
18
Let u be 3 + (-137)/15 + 4/30. Let d(w) be the third derivative of -w**4/24 + w**3/6 - 4*w**2. What is d(u)?
7
Let h = 1 + 0. Suppose -3*g = -o - 4*g, -4*o + 4*g = -24. Let c(v) = 22*v**o - 1 + 1258*v - 1258*v - 7*v**3. What is c(h)?
14
Let j(m) be the second derivative of m**5/20 + m**4/2 + m**3 + m**2 + 3*m. Let z be j(-3). Let l(k) = 0*k + z*k + k. Give l(-1).
-12
Let j(t) = 3*t**2 + 4*t + 3. Suppose 7*q - 23 = 6*q. Let b = -23 + q. Suppose -w - 4*o - 22 = b, -23 - 12 = 5*w + 5*o. Calculate j(w).
7
Let z(b) = -b**2 + 16*b + 14. Let h be z(17). Let d(v) be the first derivative of 3*v + 1/2*v**2 + 3. Determine d(h).
0
Suppose 3*p = 7*p. Let r(s) = -s + 7 + p*s + 0*s - s. Determine r(5).
-3
Let a = -18 - -21. Let t(g) = -4*g + 4*g + a - g + 4*g. Let q = -1 + -3. Calculate t(q).
-9
Suppose 40*b - 12 = 44*b. Let h(j) be the second derivative of j**4/12 + j**3/6 + 3*j**2/2 + j. Determine h(b).
9
Let g(z) = -z**2 - 14*z - 8. Let v(k) = 3*k + 71. Let n be v(-28). Determine g(n).
5
Let k(i) = 12*i**2 - 2*i - 1. Suppose 0 = 2*y - 2*g + 2, 15 = -4*y + 3*g + 11. What is k(y)?
13
Let o(l) be the third derivative of -2*l**2 + 0 + 0*l + 1/24*l**5 + l**3 - 1/360*l**6 - 5/24*l**4. Let c(i) be the first derivative of o(i). Give c(5).
-5
Let l(b) be the first derivative of -36 - 1/2*b**2 + 7*b. Determine l(3).
4
Let w(d) = 0*d**2 + 1 + 2 - d**2 - 3*d**3 + 4*d**3. Suppose 2*c - 5*b = 25, 65*c = 66*c - 3*b - 15. Calculate w(c).
3
Let d(w) = -6*w - 3 + 21 + 7*w. What is d(-6)?
12
Let y(j) = j**3 - 5*j**2 - 3*j - 9. Let f be y(6). Let t(v) = -4*v + f + v**2 + 5*v + 6*v. Calculate t(-6).
3
Let k = 258 + -23. Let u(y) = 117 - 8*y + 117 - k. Calculate u(-2).
15
Let a be -2 - 0/(-2) - -2. Suppose -3*w + 0*b = -4*b + 1, -5*w = -3*b - 2. Suppose -3*i + 6*i + 4*m + w = a, 5*i + 5*m = 0. Let u(t) = -4*t + 1. Calculate u(i).
-3
Let k(y) = -14*y**2 + 11*y - 28. Let q(u) = 5*u**2 - 4*u + 9. Let a(d) = -4*k(d) - 11*q(d). Let p = 318 - 318. What is a(p)?
13
Let y(j) = 0*j**2 - 693 + 20*j - 2*j**2 + 682. Determine y(8).
21
Let g(w) = -2*w**3 + 2*w**2 + w + 1. Let j(i) = -3*i**2 + 98*i**3 + 0 + 1 - 2*i - 95*i**3 - 2. Let d(s) = 8*g(s) + 5*j(s). Calculate d(2).
-5
Let f(x) = x**3 + 39*x**2 + 200*x + 73. Let i be f(-33). Let m(p) = -p**3 + 5*p**2 + 12*p + 10. What is m(i)?
-4
Let o(b) = -8*b**2 - 12 + 16 - 1 - 12*b + b**2 - b**3 - 13. Determine o(-5).
0
Let o(n) = n**2 - 8*n + 3. Let l be o(6). Let t = l + 4. Let v(g) = -4*g. Let s(m) = m - 1. Let u(k) = -2*s(k) - v(k). Determine u(t).
-8
Let w(u) be the third derivative of u**6/360 + u**5/24 + 5*u**4/24 - 5*u**3/3 + u**2. Let y(m) be the first derivative of w(m). Give y(-5).
5
Let w = -19 + 35. Let t(z) = 5*z - w*z - 2*z. What is t(-1)?
13
Suppose -7 = -4*k + 1. Let a = -6 + k. Let x(w) = -17*w**2 - 21*w + 23. Let t(i) = -8*i**2 - 10*i + 11. Let l(n) = 13*t(n) - 6*x(n). Calculate l(a).
-11
Let j(w) = -3*w**2 + 43*w + 32. Let g be j(15). Let c(a) = 6*a - 16. Calculate c(g).
-4
Let b(m) = m**2. Let c be b(2). Let v(p) be the second derivative of p**5/20 - p**4/2 + 2*p**3/3 - 3*p**2 + 4*p. Calculate v(c).
-22
Let r(x) = -x**2 - 4*x - 5. Let w = -77 - -73. Give r(w).
-5
Let c = -39 - -45. Let f(j) = j**3 - 5*j**2 - 4*j - 6. What is f(c)?
6
Suppose -4*h + 3*h = 0. Let i(s) = h - 2*s - 1 + 13*s. Let a be 1620/1740 - 2/(-29). Calculate i(a).
10
Let n(b) = -2826*b + 2825*b - 10 + 8 - 4*b**2. What is n(-2)?
-16
Let z(i) = -5*i - 13. Let d(w) = 5*w + 15. Let j(m) = -5*d(m) - 6*z(m). Let b(r) = -3*r**2 + r + 2. Let c be b(-1). Determine j(c).
-7
Let f(h) = h**2 - 7*h + 6. Let d be f(5). Let b(i) = 783 - 383 + i - 398. Give b(d).
-2
Let m(o) = o**2 - o - 7. Let l be m(4). Let a(v) = 4 - 1 - 3 + l*v. Determine a(-2).
-10
Let i(t) = -7*t + 3. Suppose 5*d + 0*d + 35 = 0. Let s(w) = -15*w + 7. Let n(u) = d*i(u) + 3*s(u). Let c = 51 + -53. What is n(c)?
-8
Suppose -5*r + 18 = 4*m - 3*r, 5*m - 6 = 3*r. Let s(f) = -3*f**3 - 2*f**2 - 5. Let g(c) = -5*c**3 - 4*c**2 - 9. Let z(n) = 4*g(n) - 7*s(n). Calculate z(m).
8
Let c(q) = 2*q - 27. Let t(s) = -3*s + 25. Let i(a) = 5*c(a) + 4*t(a). What is i(-15)?
-5
Let y(q) = 4*q + 19. Let 